{"id":16,"date":"2016-03-25T20:55:36","date_gmt":"2016-03-25T20:55:36","guid":{"rendered":"http:\/\/blog.wf-holthausen-huxel.de\/?page_id=16"},"modified":"2024-09-03T10:31:02","modified_gmt":"2024-09-03T10:31:02","slug":"vorstand","status":"publish","type":"page","link":"http:\/\/blog.wf-holthausen-huxel.de\/?page_id=16","title":{"rendered":"Vorstand"},"content":{"rendered":"<p><strong>Gesch\u00e4ftsf\u00fchrender Vorstand<\/strong><br \/>\n1. Vorsitzender: Norbert Hennecke<br \/>\n2. Vorsitzender: Reinhard Fritsche<br \/>\nSchriftf\u00fchrer: Norbert Hennecke<\/p>\n<p><strong>Erweiterter Vorstand<\/strong><br \/>\nKassenwart: Pascal Hennecke<br \/>\nWanderwart: Reinhard Fritsche<br \/>\nWegewart: Guido Linhoff<\/p>\n","protected":false},"excerpt":{"rendered":"<p>Gesch\u00e4ftsf\u00fchrender Vorstand 1. Vorsitzender: Norbert Hennecke 2. Vorsitzender: Reinhard Fritsche Schriftf\u00fchrer: Norbert Hennecke Erweiterter Vorstand Kassenwart: Pascal Hennecke Wanderwart: Reinhard Fritsche Wegewart: Guido Linhoff<\/p>\n","protected":false},"author":1,"featured_media":0,"parent":8,"menu_order":1,"comment_status":"closed","ping_status":"closed","template":"","meta":{"footnotes":""},"_links":{"self":[{"href":"http:\/\/blog.wf-holthausen-huxel.de\/index.php?rest_route=\/wp\/v2\/pages\/16"}],"collection":[{"href":"http:\/\/blog.wf-holthausen-huxel.de\/index.php?rest_route=\/wp\/v2\/pages"}],"about":[{"href":"http:\/\/blog.wf-holthausen-huxel.de\/index.php?rest_route=\/wp\/v2\/types\/page"}],"author":[{"embeddable":true,"href":"http:\/\/blog.wf-holthausen-huxel.de\/index.php?rest_route=\/wp\/v2\/users\/1"}],"replies":[{"embeddable":true,"href":"http:\/\/blog.wf-holthausen-huxel.de\/index.php?rest_route=%2Fwp%2Fv2%2Fcomments&post=16"}],"version-history":[{"count":10,"href":"http:\/\/blog.wf-holthausen-huxel.de\/index.php?rest_route=\/wp\/v2\/pages\/16\/revisions"}],"predecessor-version":[{"id":927,"href":"http:\/\/blog.wf-holthausen-huxel.de\/index.php?rest_route=\/wp\/v2\/pages\/16\/revisions\/927"}],"up":[{"embeddable":true,"href":"http:\/\/blog.wf-holthausen-huxel.de\/index.php?rest_route=\/wp\/v2\/pages\/8"}],"wp:attachment":[{"href":"http:\/\/blog.wf-holthausen-huxel.de\/index.php?rest_route=%2Fwp%2Fv2%2Fmedia&parent=16"}],"curies":[{"name":"wp","href":"https:\/\/api.w.org\/{rel}","templated":true}]}}