{"id":25,"date":"2020-03-02T18:00:00","date_gmt":"2020-03-02T18:00:00","guid":{"rendered":"http:\/\/blog.wf-holthausen-huxel.de\/?page_id=25"},"modified":"2023-05-03T05:33:38","modified_gmt":"2023-05-03T05:33:38","slug":"angebote","status":"publish","type":"page","link":"http:\/\/blog.wf-holthausen-huxel.de\/?page_id=25","title":{"rendered":"Angebote"},"content":{"rendered":"<p>Die Wanderfreunde Holthausen-Huxel bieten j\u00e4hrlich eine Internationale Volkswanderung an. Diese findet m\u00f6glichst Ende September \/ Anfang Oktober statt.<\/p>\n<p>Zus\u00e4tzlich bieten wir einen ganzj\u00e4hrig begehbaren <strong><a href=\"http:\/\/blog.wf-holthausen-huxel.de\/?page_id=28\">Permanentwanderweg<\/a><\/strong> (9 und 16 km) an. Beide Veranstaltungen werden f\u00fcr das Internationale Volkssportabzeichen gewertet.<\/p>\n<hr \/>\n<h2 style=\"text-align: center;\"><strong>57. Internationale Volkswanderung &amp;<br \/>5. Kinder- und Jugendwanderung<br \/>Sonntag, 24. September 2023<\/strong><\/h2>\n<p>Streckenl\u00e4ngen: \u00a0 \u00a0 6 km\u00a0\u00a0\u00a0\u00a0 11 km\u00a0 \u00a0 \u00a020 km<br \/>Startzeiten:\u00a0\u00a0\u00a0\u00a0\u00a0\u00a0\u00a0\u00a0\u00a0\u00a0\u00a0\u00a0 7.00 Uhr bis 13.00 Uhr<br \/>Zielschluss:\u00a0\u00a0\u00a0\u00a0\u00a0\u00a0\u00a0\u00a0\u00a0\u00a0\u00a0\u00a0 17.00 Uhr<br \/>Start und Ziel:\u00a0\u00a0\u00a0\u00a0\u00a0\u00a0\u00a0 Sch\u00fctzenhalle Holthausen &#8211; Sch\u00fctzenstr. 2<br \/><span style=\"color: #ccffcc;\">.<\/span>\u00a0 \u00a0 \u00a0 \u00a0 \u00a0 \u00a0 \u00a0 \u00a0 \u00a0 \u00a0 \u00a0 \u00a0 \u00a0 \u00a0 \u00a0 \u00a0 \u00a057392 Schmallenberg-Holthausen<\/p>\n<p><a href=\"http:\/\/blog.wf-holthausen-huxel.de\/wp-content\/uploads\/2023\/05\/Ausschreibung-Wandertag-2023.pdf\" target=\"_blank\" rel=\"noopener noreferrer\">Ausschreibung (pdf)<\/a><\/p>\n\n\n<p><\/p>\n","protected":false},"excerpt":{"rendered":"<p>Die Wanderfreunde Holthausen-Huxel bieten j\u00e4hrlich eine Internationale Volkswanderung an. Diese findet m\u00f6glichst Ende September \/ Anfang Oktober statt. Zus\u00e4tzlich bieten wir einen ganzj\u00e4hrig begehbaren Permanentwanderweg (9 und 16 km) an. Beide Veranstaltungen werden f\u00fcr das Internationale Volkssportabzeichen gewertet. 57. Internationale &hellip; <a href=\"http:\/\/blog.wf-holthausen-huxel.de\/?page_id=25\">Weiterlesen <span class=\"meta-nav\">&rarr;<\/span><\/a><\/p>\n","protected":false},"author":1,"featured_media":798,"parent":0,"menu_order":1,"comment_status":"closed","ping_status":"closed","template":"","meta":{"footnotes":""},"_links":{"self":[{"href":"http:\/\/blog.wf-holthausen-huxel.de\/index.php?rest_route=\/wp\/v2\/pages\/25"}],"collection":[{"href":"http:\/\/blog.wf-holthausen-huxel.de\/index.php?rest_route=\/wp\/v2\/pages"}],"about":[{"href":"http:\/\/blog.wf-holthausen-huxel.de\/index.php?rest_route=\/wp\/v2\/types\/page"}],"author":[{"embeddable":true,"href":"http:\/\/blog.wf-holthausen-huxel.de\/index.php?rest_route=\/wp\/v2\/users\/1"}],"replies":[{"embeddable":true,"href":"http:\/\/blog.wf-holthausen-huxel.de\/index.php?rest_route=%2Fwp%2Fv2%2Fcomments&post=25"}],"version-history":[{"count":31,"href":"http:\/\/blog.wf-holthausen-huxel.de\/index.php?rest_route=\/wp\/v2\/pages\/25\/revisions"}],"predecessor-version":[{"id":808,"href":"http:\/\/blog.wf-holthausen-huxel.de\/index.php?rest_route=\/wp\/v2\/pages\/25\/revisions\/808"}],"wp:featuredmedia":[{"embeddable":true,"href":"http:\/\/blog.wf-holthausen-huxel.de\/index.php?rest_route=\/wp\/v2\/media\/798"}],"wp:attachment":[{"href":"http:\/\/blog.wf-holthausen-huxel.de\/index.php?rest_route=%2Fwp%2Fv2%2Fmedia&parent=25"}],"curies":[{"name":"wp","href":"https:\/\/api.w.org\/{rel}","templated":true}]}}