{"id":81,"date":"2016-03-25T14:25:17","date_gmt":"2016-03-25T14:25:17","guid":{"rendered":"http:\/\/blog.wf-holthausen-huxel.de\/?page_id=81"},"modified":"2023-10-27T12:39:41","modified_gmt":"2023-10-27T12:39:41","slug":"verein","status":"publish","type":"page","link":"http:\/\/blog.wf-holthausen-huxel.de\/?page_id=81","title":{"rendered":"Verein"},"content":{"rendered":"<p><strong>\u201eWanderfreunde Holthausen-Huxel 1979 e.V.\u201c<\/strong><br \/>\nDer Vereinsname stellt schon klar die Ziele des Vereins dar. Dieser sieht seine Aufgaben darin, miteinander zu wandern, mit m\u00f6glichst vielen Gleichgesinnten ungezwungen die Lasten der schnelllebigen Welt mit seiner Alltagshetze bei diesem gesunden Hobby zu vergessen. Hier gilt es mit Teilnahmen bei IVV-Wandertagen, durch Buseins\u00e4tze in gr\u00f6\u00dferen, als auch mit Freunden und Bekannten in kleinen Gruppen oder als Einzelwanderer, die Natur und neue Ziele zu erwandern. In der Bereitschaft f\u00fcr die Mitmenschen, sich einbringen in die Organisation und Durchf\u00fchrung von IVV-Wandertagen im fl\u00e4chendeckenden Volkssportverband, zur Aufrechterhaltung eines breiten Angebotes zur F\u00f6rderung der Volksgesundheit, sieht der Verein wichtige Aufgaben.<\/p>\n<p><strong>Entstehung<\/strong><br \/>\nDer Verein wurde am 13. Januar 1979 auf einer Versammlung Holthauser und Huxeler Wanderfreunde im Gasthof Foester in Holthausen gegr\u00fcndet. Initiatoren f\u00fcr die Gr\u00fcndung waren die beiden leider schon verstorbenen Wanderfreunde Hubert Linhoff und Rainer M\u00fcller. Es gab in beiden D\u00f6rfern gro\u00dfes Interesse am Wandern, leider war zur damaligen Zeit das Angebot vor Ort nicht sehr gro\u00df. So wurde beschlossen, einen eigenen Wanderverein zu gr\u00fcnden, dem Deutschen Volkssportverband beizutreten und eigene internationale Volkswandertage auszurichten.<br \/>\nZweck des Vereins ist es, mit der Durchf\u00fchrung von Volkssportveranstaltungen ohne leistungssportlichen Charakter die breite Masse der Bev\u00f6lkerung zu einer ungezwungenen sportlichen Bet\u00e4tigung anzuregen und dadurch den Teilnehmern die nat\u00fcrliche Bewegung zu verschaffen, die im Zeitalter der Motorisierung und Automatisierung n\u00f6tiger denn je ist, Gesundheit an Leib und Seele zu erhalten.<br \/>\nDer erste Internationale Volkswandertag wurde bereits am 26.\/27. Juli 1980 mit sehr gro\u00dfem Erfolg ausgerichtet. Seitdem wurde jedes Jahr in ununterbrochener Folge mindestens ein Internationaler Volkswandertag angeboten. Nach dem mit sehr wenig Teilnehmern schlecht gelaufenen Wandertag 2013 wurden vor\u00fcbergehend keine Wandetage mehr durchgef\u00fchrt.<\/p>\n<p><strong>Der Verein heute<\/strong><br \/>\nDurch seine erfolgreiche Arbeit und den Zustrom neuer Mitglieder ist der Verein \u00fcber die Jahre stetig gewachsen. Aus den 11 Gr\u00fcndungsmitgliedern ist inzwischen ein gro\u00dfer Verein mit \u00fcber 230 Mitgliedern geworden.<br \/>\nDer n\u00e4chste Wandertag im Jahr 2023, der 57. in der Vereinsgeschichte, ist in Planung. Weitere Internationale Volkswandertage sollen folgen<\/p>\n<p><strong>Mitgliedschaft<\/strong><br \/>\nDer Verein besteht aus ordentlichen Mitgliedern und Ehrenmitgliedern. Jede Person, die sich dem Verein verbunden f\u00fchlt, kann Mitglied werden. Dieses hat durch schriftlichen Antrag an den Vorstand zu geschehen. Bei Jugendlichen ist die schriftliche Zustimmung des\/der Erziehungsberechtigten erforderlich. Mit der Aufnahme erkennt das Mitglied die <a href=\"http:\/\/www.wf-holthausen-huxel.de\/download\/Satzung2005_Faltblatt.pdf\" target=\"_blank\" rel=\"noopener\">Vereinssatzung<\/a> an.<br \/>\nDer aktuelle Mitgliedsbeitrag liegt zur Zeit bei 5,- Euro j\u00e4hrlich. F\u00fcr Kinder und Jugendliche unter 16 Jahren betr\u00e4gt der Mitgliedsbeitrag 0,50 Euro j\u00e4hrlich. Die Mitgliedsbeitr\u00e4ge werden im Lastschriftverfahren abgebucht. Deshalb im <a href=\"http:\/\/www.wf-holthausen-huxel.de\/download\/Aufnahmeantrag_SEPA.pdf\" target=\"_blank\" rel=\"noopener\">Aufnahmeantrag<\/a> unbedingt die Bankverbindung angeben!<\/p>\n","protected":false},"excerpt":{"rendered":"<p>\u201eWanderfreunde Holthausen-Huxel 1979 e.V.\u201c Der Vereinsname stellt schon klar die Ziele des Vereins dar. Dieser sieht seine Aufgaben darin, miteinander zu wandern, mit m\u00f6glichst vielen Gleichgesinnten ungezwungen die Lasten der schnelllebigen Welt mit seiner Alltagshetze bei diesem gesunden Hobby zu &hellip; <a href=\"http:\/\/blog.wf-holthausen-huxel.de\/?page_id=81\">Weiterlesen <span class=\"meta-nav\">&rarr;<\/span><\/a><\/p>\n","protected":false},"author":1,"featured_media":0,"parent":8,"menu_order":0,"comment_status":"closed","ping_status":"closed","template":"","meta":{"footnotes":""},"_links":{"self":[{"href":"http:\/\/blog.wf-holthausen-huxel.de\/index.php?rest_route=\/wp\/v2\/pages\/81"}],"collection":[{"href":"http:\/\/blog.wf-holthausen-huxel.de\/index.php?rest_route=\/wp\/v2\/pages"}],"about":[{"href":"http:\/\/blog.wf-holthausen-huxel.de\/index.php?rest_route=\/wp\/v2\/types\/page"}],"author":[{"embeddable":true,"href":"http:\/\/blog.wf-holthausen-huxel.de\/index.php?rest_route=\/wp\/v2\/users\/1"}],"replies":[{"embeddable":true,"href":"http:\/\/blog.wf-holthausen-huxel.de\/index.php?rest_route=%2Fwp%2Fv2%2Fcomments&post=81"}],"version-history":[{"count":7,"href":"http:\/\/blog.wf-holthausen-huxel.de\/index.php?rest_route=\/wp\/v2\/pages\/81\/revisions"}],"predecessor-version":[{"id":872,"href":"http:\/\/blog.wf-holthausen-huxel.de\/index.php?rest_route=\/wp\/v2\/pages\/81\/revisions\/872"}],"up":[{"embeddable":true,"href":"http:\/\/blog.wf-holthausen-huxel.de\/index.php?rest_route=\/wp\/v2\/pages\/8"}],"wp:attachment":[{"href":"http:\/\/blog.wf-holthausen-huxel.de\/index.php?rest_route=%2Fwp%2Fv2%2Fmedia&parent=81"}],"curies":[{"name":"wp","href":"https:\/\/api.w.org\/{rel}","templated":true}]}}